-6))/((-2)/q). Suppose a = 5*d - 4*t - 2739, t = 4*t - 12. Is d prime?
False
Let h(s) = -72*s + 55. Let j(i) = i**3 + 7*i**2 - 7*i - 4. Let d be j(-8). Let x(w) = -w**2 - 12*w - 19. Let u be x(d). Is h(u) prime?
True
Suppose 18 = 3*g - 12. Suppose -g = 5*j - 30. Suppose 4*d - j*z - 1337 + 161 = 0, d = 2*z + 299. Is d a composite number?
True
Let i(a) = -964*a**3 - 7*a**2 - 12*a - 14. Let n be i(-4). Suppose -3*h - 4*u = -36965, 5*h - 5*u + 2*u = n. Is h prime?
True
Let r be (-21)/(588/8) + (-87902)/14. Let f = 12886 + r. Is f a prime number?
True
Suppose -7 = 10*d - 27. Suppose 2*z + 768 = i + 73, -z = -d*i + 1402. Is i a composite number?
True
Suppose -56*k + 298*k = -70*k + 17557176. Is k a composite number?
True
Is ((-39)/156)/((-9)/25281684) a prime number?
True
Suppose -12 = 4*o, 2*o - o - 4589 = -4*y. Suppose 0 = 5*j - u - 1435, 6*j - 10*j + u = -y. Is j composite?
True
Let n(j) = -j**3 + j**2 + 1. Let a(f) = 674*f**3 + 4*f**2 + 5*f. Let x(l) = a(l) - 4*n(l). Is x(1) prime?
False
Let s(i) = 64*i**2 + 129*i - 236. Is s(39) composite?
False
Suppose 0 = 11*r - 4 - 40. Suppose -3*k = -r*k - 5*x + 864, -k - 4*x = -866. Let u = k - 603. Is u prime?
True
Let f(g) = 98*g**2 + 5*g + 18. Let l be f(31). Suppose -17226 + l = 25*s. Is s a composite number?
True
Suppose -2*w = 5*v - 93, v - 4 = 5*w - 7. Suppose 0 = 2*k - v + 7. Suppose -k*l = -5241 + 1736. Is l prime?
True
Suppose 0 = v + 5*v - 522. Suppose -v = -2*z - s + 82, -2*z + 3*s + 181 = 0. Is z a prime number?
False
Let v = 803236 + -546065. Is v a composite number?
False
Let n(c) = 35*c - 10 + 123*c + 77*c. Let k be n(3). Suppose -3*w - h + k = 108, 169 = w - 5*h. Is w a composite number?
True
Suppose 0 = -14*w + 8*w - 168. Let n(f) = -f**3 - 29*f**2 - 36*f - 13. Is n(w) prime?
True
Suppose -a + 46*z + 30336 = 51*z, 2*a - z - 60683 = 0. Is a a prime number?
True
Suppose -4*p - 5*l + 467 + 322 = 0, 5*l = p - 191. Suppose 3*w - 557 = p. Is w composite?
False
Suppose -162*s + 978891 = -11158635. Is s a prime number?
True
Let n(q) be the third derivative of 4/3*q**3 - 47/24*q**4 + 12*q**2 + 0*q + 0. Is n(-9) a composite number?
False
Suppose 7*o - 3*o - 30 = 5*l, -35 = -5*o + 5*l. Suppose 0*d - 2*d = -o*n + 1294, 5*n + 2*d = 1306. Let z = n - 69. Is z composite?
False
Let g(x) = -12712*x - 4135. Is g(-11) a prime number?
True
Let s be 3/9 - (-4)/6. Let t be -6*(123/(-6) - s). Suppose -3*a - t = -684. Is a a prime number?
False
Suppose -12*q + 4 = -8. Let j be 6/(-7)*(q + (-68)/12). Suppose j*f - 100 = -8. Is f prime?
True
Suppose 0 = 2*t + 3*z - 60418, -t + z + 27400 = -2819. Is t composite?
True
Let n = -4831 + 11625. Suppose 6*c - n - 8188 = 0. Is c prime?
False
Let o be 4/10*(11 + -1). Suppose -3*v - 14 = -4*v + 2*m, m = -o*v + 47. Suppose -15*b + 174 = -v*b. Is b composite?
True
Let n(t) = 247*t**3 + 51*t**2 - 381*t - 8. Is n(13) a composite number?
False
Suppose -2*p = l - 134024 - 118008, 0 = -3*p + l + 378053. Is p prime?
False
Suppose 5*h + 4*j - 176924 = 390663, 5*j - 227028 = -2*h. Is h prime?
False
Let a = -387806 - -691585. Is a a prime number?
False
Let x(g) = 15*g - 66. Let i be x(5). Is 11922/i*(-24)/(-16) composite?
False
Suppose -1045355 = -19*n + 788905. Let z = n + -46483. Is z a composite number?
True
Let t(q) = -191*q + 386*q - 14*q**2 - 183*q + 10 + q**3. Let v be t(13). Is 2/v - (-5235)/9 a prime number?
False
Let u = -291127 - -527334. Is u composite?
False
Suppose -294*y - 37 = -4*s - 297*y, -3*s = -y - 18. Suppose -3*k + 22 = -5*h - 7, -3*k = -3*h - 21. Suppose s*m - 15020 = k*m. Is m prime?
False
Let r(c) = 6*c**2 - 20*c + 1721. Is r(84) prime?
False
Let v(g) = g**2 - 11*g - 35. Let y be v(14). Suppose 0 = 4*c - y*d + 3*d - 11772, 5*c = 3*d + 14707. Is c a prime number?
True
Is (-5 - 175050/(-15))/(0 - -1) a composite number?
True
Let g = 128 - 80. Let v be ((-14)/4 + -1)*32/g. Is v/(-7) + 3 + (-9032)/(-28) a prime number?
False
Suppose -4*f - 12 = 0, -4*g - 2 + 1 = 3*f. Suppose 4*i + 26 = -3*l, g*l - 3*i + 13 = l. Let w = l - -129. Is w a prime number?
False
Suppose -s = 5*v + 651, -5*v + v - 5*s - 525 = 0. Let l = v - -3797. Let b = -2420 + l. Is b a prime number?
False
Let l(o) = 27*o**2 - 5*o + 7. Suppose 3*m = 2*t - 16, 3*t = 2*t - 5*m - 5. Suppose -32 = -13*j + t*j. Is l(j) prime?
True
Let q(w) = 2*w**3 - 20*w**2 - 24*w + 5. Let j(v) = -v**3 + 10*v**2 + 12*v - 3. Let a(c) = 7*j(c) + 3*q(c). Let b be a(11). Is (-1 + 2)/(b*4/5140) prime?
True
Is (-261016 + (-30)/(-6))/(-1) a composite number?
False
Let g(v) = -v**3 + 7*v**2 - 8*v - 6. Let u be g(5). Let i(m) be the first derivative of 9*m**4/2 + m**3 - 3*m**2 + m - 27. Is i(u) prime?
False
Suppose -92652176 = -568*x - 50723017 + 152895409. Is x prime?
False
Let u be (-23)/(198/(-315) - (-6)/14). Suppose z + 426 = u. Is (-6)/9 - z/3 prime?
True
Let i(w) = -w**2 + 6*w + 5. Let o be i(6). Let d be 56/(-560) + 5/50. Suppose o*q + 2625 - 9930 = d. Is q a prime number?
False
Let j = -12475 + 1889. Let q = j - -18201. Suppose 4*m + z = q + 2434, -2*z = -4*m + 10058. Is m composite?
True
Let t(u) be the first derivative of u**3/3 - u**2 + 18. Let m be t(3). Suppose -2*a + m*i + 2552 = 5*i, 0 = 3*a - 5*i - 3836. Is a prime?
True
Let n = -23709 + 35132. Let w = n - 4083. Is (-6 + 3)/(-3)*w/4 a prime number?
False
Let l(s) = -29*s - 4. Let g be l(-2). Let c = g - 58. Is c - -8 - (0 + -515) composite?
True
Suppose -1122398 = -23*c + 3793001. Is c a composite number?
False
Suppose -47*h + 48*h = 8. Let a(o) = 5*o**3 - 2*o**2 + 7*o - 9. Let t(r) = 6*r**3 - 3*r**2 + 7*r - 10. Let k(y) = 5*a(y) - 4*t(y). Is k(h) a composite number?
False
Suppose 2*b + 2*z - 206592 = 0, -5*b + 474714 = -4*z - 41775. Is b composite?
True
Let u(x) = 4131*x - 122. Is u(41) prime?
True
Let c(p) = -p**2 + 7*p - 10. Let v be c(4). Let m be -2*v*1 - (-3)/(-3). Let x(t) = -24*t**3 + 3*t**2 + t - 5. Is x(m) prime?
False
Suppose 5*a - 57 = 58. Suppose -l + j = -4*j - a, -l - 4*j - 13 = 0. Suppose 10*s - 2051 = l*s. Is s a prime number?
True
Suppose 3288*h = 3299*h - 1537019. Is h composite?
False
Suppose -2*o = -0*o + 16. Let t = 10 + o. Suppose -b = 2, b - 2*b + 584 = t*h. Is h a composite number?
False
Let m(f) = f**3 + 6*f**2 + 6*f + 10. Let c be m(-5). Suppose -c*u = -11*u + 23922. Is (u/27)/((-1)/(-3)) composite?
False
Let d(n) = -n - 2. Let w be d(-6). Suppose -2*q - 2 + 14 = -4*h, -w*h + 2 = 5*q. Is (638 - 0)*(-1)/h prime?
False
Suppose 8*j = 10*j + 36. Let g(t) = -t**3 - 16*t**2 - 19*t + 3. Is g(j) a prime number?
False
Let f(d) = 557*d**2 + 2*d + 5. Let y be f(-3). Suppose y = 7*t - 5*t + 2*m, 3*t = 5*m + 7494. Is t a composite number?
False
Let c(u) be the first derivative of u**2/2 - 6*u - 11. Let t be c(9). Suppose 2*z + 2*y = -3*z + 1447, -t*z = y - 869. Is z a composite number?
True
Suppose -43 = -3*u + 32. Let d be -43*16*u/(-50). Suppose 2*z = -6*z + d. Is z prime?
True
Let n(v) = -2*v - 6. Suppose -5*p = d + 175, 2*p + 2*d - 4*d = -82. Let k = p - -28. Is n(k) composite?
True
Suppose z - 3*m - 2 = 0, -22 = -5*z + 4*m - m. Suppose -z*b + b = -52. Suppose -b*c + 10*c = -711. Is c a composite number?
True
Let x(c) = c**2. Let u(k) = -3821*k**3 + 6*k**2 + k + 1. Let l(o) = u(o) - 6*x(o). Is l(-1) prime?
True
Is 3/(-48)*13422776*-2 prime?
True
Let u be (45/(-2))/((-3)/18). Suppose -145*y + u*y = -5710. Is y prime?
True
Let s(q) = -6*q**3 - 4*q**2 + 283*q - 20. Is s(-19) composite?
False
Suppose -4*z + 5*g - 13025 = 0, 16285 = -5*z - 9*g + 14*g. Is -7 - (4 + z/2) composite?
False
Is (124254 + 37)*(-3 + 5 - 1) a prime number?
True
Suppose 1579 + 35444 = 3*u - 2*k, -6 = -2*k. Is u a composite number?
False
Let r = 24535 + -14997. Let b be (5 - (-222)/(-42)) + r/14. Suppose -8*f + b = -1103. Is f composite?
False
Let j = 9589 - 2869. Let q = -3355 + j. Is q composite?
True
Let y be ((-9)/(-27))/(2/(-12)). Let j be y/(-6) + 22/6. Suppose j*t = 5*t - 451. Is t a composite number?
True
Let p(m) = -2*m - 2. Let n be p(-10). Suppose 2*l + l = -n. Let d(j) = -j**3 - 4*j**2 - 8*j + 7. Is d(l) a composite number?
False
Let b = 52032 + -31367. Is b a prime number?
False
Suppose 5812 = -16*w + 20*w. Suppose w = 3*b - 4*h, 4*b + 7*h - 1958 = 2*h. Is b composite?
False
Suppose 2*k - 3344 = 430. Suppose k = 10*x - 1283. Is x prime?
True
Let m(x) = 957*x - 1